{"id":20,"date":"2016-12-26T14:24:56","date_gmt":"2016-12-26T13:24:56","guid":{"rendered":"http:\/\/www.gosouth.ch\/?page_id=20"},"modified":"2016-12-30T16:34:22","modified_gmt":"2016-12-30T15:34:22","slug":"ihre-reise-mit-gosouth","status":"publish","type":"page","link":"https:\/\/www.gosouth.ch\/?page_id=20&lang=de","title":{"rendered":"Ihre Reise mit GoSouth"},"content":{"rendered":"<h2>Bei uns stehen Ihre Reisew\u00fcnsche im Mittelpunkt!<\/h2>\n<p><a href=\"http:\/\/www.gosouth.ch\/?page_id=22&amp;lang=de\">Wir planen alle Reisen in pers\u00f6nlicher Absprache mit unseren Kunden.<\/a>\u00a0So entstehen individuelle Reiseentw\u00fcrfe, in denen Interesse, Zeit, Vorlieben und Budgetvorstellungen ber\u00fccksichtigt werden.<\/p>\n<p>Mit uns erleben Sie eine pers\u00f6nlich zusammengestellte und begleitete Reise, die Ihnen die M\u00f6glichkeit bietet f\u00fcr eine sanfte Ann\u00e4herung an Land, Leute und Kultur. W\u00e4hrend der Reise nehmen wir uns Zeit zum Staunen, Beobachten, Entdecken, Erholen und Geniessen.<\/p>\n","protected":false},"excerpt":{"rendered":"<p>Bei uns stehen Ihre Reisew\u00fcnsche im Mittelpunkt! Wir planen alle Reisen in pers\u00f6nlicher Absprache mit unseren Kunden.\u00a0So entstehen individuelle Reiseentw\u00fcrfe,[&#8230;]<\/p>\n","protected":false},"author":1,"featured_media":90,"parent":0,"menu_order":0,"comment_status":"closed","ping_status":"closed","template":"","meta":{"jetpack_post_was_ever_published":false,"footnotes":""},"class_list":["post-20","page","type-page","status-publish","has-post-thumbnail","hentry"],"jetpack_sharing_enabled":true,"jetpack_shortlink":"https:\/\/wp.me\/P7RG3R-k","_links":{"self":[{"href":"https:\/\/www.gosouth.ch\/index.php?rest_route=\/wp\/v2\/pages\/20","targetHints":{"allow":["GET"]}}],"collection":[{"href":"https:\/\/www.gosouth.ch\/index.php?rest_route=\/wp\/v2\/pages"}],"about":[{"href":"https:\/\/www.gosouth.ch\/index.php?rest_route=\/wp\/v2\/types\/page"}],"author":[{"embeddable":true,"href":"https:\/\/www.gosouth.ch\/index.php?rest_route=\/wp\/v2\/users\/1"}],"replies":[{"embeddable":true,"href":"https:\/\/www.gosouth.ch\/index.php?rest_route=%2Fwp%2Fv2%2Fcomments&post=20"}],"version-history":[{"count":5,"href":"https:\/\/www.gosouth.ch\/index.php?rest_route=\/wp\/v2\/pages\/20\/revisions"}],"predecessor-version":[{"id":122,"href":"https:\/\/www.gosouth.ch\/index.php?rest_route=\/wp\/v2\/pages\/20\/revisions\/122"}],"wp:featuredmedia":[{"embeddable":true,"href":"https:\/\/www.gosouth.ch\/index.php?rest_route=\/wp\/v2\/media\/90"}],"wp:attachment":[{"href":"https:\/\/www.gosouth.ch\/index.php?rest_route=%2Fwp%2Fv2%2Fmedia&parent=20"}],"curies":[{"name":"wp","href":"https:\/\/api.w.org\/{rel}","templated":true}]}}